lse
Is 5380231 a multiple of 17?
False
Is 18252 a multiple of 52?
True
Is 1352 a factor of 10368515?
False
Does 62 divide 2725768?
True
Is 17 a factor of 110738?
True
Is 435104 a multiple of 16?
True
Does 515 divide 623506?
False
Is 36072 a multiple of 54?
True
Is 188 a factor of 4096866?
False
Is 13 a factor of 29574948?
True
Does 472 divide 538953?
False
Does 117 divide 1712809?
False
Is 5603710 a multiple of 35?
True
Is 78 a factor of 75816?
True
Is 1411078 a multiple of 32?
False
Does 95 divide 187625?
True
Is 1494455 a multiple of 257?
True
Is 205283 a multiple of 15?
False
Is 1331 a factor of 4481438?
False
Is 255 a factor of 6548588?
False
Does 38 divide 69964?
False
Does 5 divide 1025008?
False
Does 168 divide 624062?
False
Is 403 a factor of 462939?
False
Is 20 a factor of 17640?
True
Is 6798220 a multiple of 715?
True
Is 179988 a multiple of 2?
True
Is 682 a factor of 1398300?
False
Is 731 a factor of 834071?
True
Is 170 a factor of 919731?
False
Does 27 divide 347678?
False
Is 897920 a multiple of 16?
True
Is 1005616 a multiple of 700?
False
Is 2689690 a multiple of 13?
False
Is 208764 a multiple of 25?
False
Is 91 a factor of 16744?
True
Does 9 divide 23977624?
False
Is 11 a factor of 1963797?
True
Does 190 divide 424460?
True
Does 1938 divide 9981055?
False
Does 9 divide 4350987?
True
Does 57 divide 207506?
False
Is 1779 a factor of 17250963?
True
Does 32 divide 10586400?
True
Does 39 divide 2984358?
True
Is 386739 a multiple of 41?
False
Does 339 divide 137631?
False
Is 9 a factor of 34712?
False
Is 79 a factor of 156732?
False
Is 89 a factor of 49701?
False
Does 27 divide 41054877?
True
Is 240480 a multiple of 360?
True
Is 49936 a multiple of 3?
False
Does 270 divide 1543686?
False
Does 625 divide 1995811?
False
Does 6 divide 41766?
True
Is 16 a factor of 4267894?
False
Is 1561824 a multiple of 99?
True
Is 422 a factor of 11142812?
False
Is 392286 a multiple of 20?
False
Is 2344527 a multiple of 9?
True
Is 136445 a multiple of 30?
False
Is 15635 a multiple of 10?
False
Is 63 a factor of 3616927?
False
Is 4962777 a multiple of 577?
True
Is 476 a factor of 607054?
False
Is 184150 a multiple of 50?
True
Does 14 divide 51982?
True
Is 23 a factor of 564903?
True
Is 24 a factor of 2262958?
False
Does 11 divide 457160?
True
Is 52922 a multiple of 4?
False
Does 3 divide 2132183?
False
Is 960 a factor of 1791360?
True
Is 1233522 a multiple of 954?
True
Does 58 divide 3858636?
False
Does 175 divide 71526?
False
Does 248 divide 292843?
False
Does 5 divide 76610?
True
Does 494 divide 3891459?
False
Does 225 divide 16138931?
False
Does 18 divide 676566?
True
Does 32 divide 159835?
False
Is 7 a factor of 363643?
True
Is 8 a factor of 92632?
True
Does 32 divide 197446?
False
Does 60 divide 1415067?
False
Is 12 a factor of 2618826?
False
Is 9 a factor of 1748232?
True
Does 39 divide 278629?
False
Does 75 divide 191087?
False
Does 846 divide 522563?
False
Is 1639838 a multiple of 375?
False
Is 4295009 a multiple of 106?
False
Is 143 a factor of 156215?
False
Is 431940 a multiple of 92?
True
Does 10 divide 263316?
False
Is 42050 a multiple of 50?
True
Is 9 a factor of 3764500?
False
Is 85736 a multiple of 144?
False
Is 1080532 a multiple of 1550?
False
Is 2013174 a multiple of 43?
True
Is 2007 a factor of 1952811?
True
Is 29100 a multiple of 25?
True
Is 95 a factor of 18911745?
True
Is 147 a factor of 11149637?
False
Does 19 divide 105663?
False
Does 3 divide 118026?
True
Is 43055 a multiple of 15?
False
Does 57 divide 407151?
True
Is 7930 a multiple of 5?
True
Is 5401320 a multiple of 1380?
True
Does 204 divide 529788?
True
Is 762966 a multiple of 12?
False
Does 26 divide 18605709?
False
Is 91 a factor of 818363?
True
Is 1580700 a multiple of 3?
True
Is 35 a factor of 197789?
False
Is 911332 a multiple of 35?
False
Is 10047 a multiple of 5?
False
Is 18646138 a multiple of 1427?
False
Does 64 divide 239378?
False
Does 4 divide 1126452?
True
Does 152 divide 7733227?
False
Does 12 divide 6541769?
False
Is 3343872 a multiple of 21?
True
Is 160 a factor of 354148?
False
Is 30 a factor of 637080?
True
Is 10630240 a multiple of 632?
True
Does 317 divide 825665?
False
Is 6 a factor of 42880?
False
Does 49 divide 333511?
False
Does 31 divide 2086734?
True
Is 198 a factor of 1154733?
False
Does 14 divide 1185609?
False
Is 3302575 a multiple of 408?
False
Does 116 divide 5840252?
True
Is 12748266 a multiple of 27?
True
Is 167157 a multiple of 485?
False
Is 48 a factor of 509712?
True
Does 1260 divide 632470?
False
Does 4 divide 1353702?
False
Does 156 divide 101845?
False
Does 195 divide 866970?
True
Is 2 a factor of 105595?
False
Is 108297 a multiple of 176?
False
Is 179 a factor of 1995970?
False
Is 3375723 a multiple of 140?
False
Is 451 a factor of 3733829?
True
Does 418 divide 4014054?
True
Is 121 a factor of 343882?
True
Does 7 divide 439679?
False
Is 33 a factor of 12063?
False
Is 177 a factor of 202981?
False
Is 194521 a multiple of 45?
False
Does 10 divide 87693?
False
Is 345 a factor of 82300?
False
Is 506380 a multiple of 35?
True
Does 400 divide 958661?
False
Is 95878 a multiple of 3?
False
Is 43 a factor of 4586509?
True
Is 1505 a factor of 2433952?
False
Is 9 a factor of 141372?
True
Is 924 a factor of 6242484?
False
Does 260 divide 12476163?
False
Is 5855760 a multiple of 30?
True
Is 357 a factor of 3547152?
True
Is 52 a factor of 336284?
True
Is 2893118 a multiple of 724?
False
Does 632 divide 8234328?
True
Is 3 a factor of 928386?
True
Is 6512986 a multiple of 443?
True
Is 101750 a multiple of 5?
True
Is 99569 a multiple of 69?
False
Is 1289 a factor of 2600939?
False
Is 3 a factor of 76217?
False
Is 42 a factor of 6752802?
True
Does 24 divide 1437115?
False
Is 5989315 a multiple of 265?
False
Does 66 divide 158664?
True
Does 62 divide 202774?
False
Is 2318624 a multiple of 176?
True
Is 5 a factor of 238059?
False
Is 612125 a multiple of 25?
True
Does 9 divide 6335092?
False
Is 62149 a multiple of 33?
False
Is 19447198 a multiple of 20?
False
Does 210 divide 3010172?
False
Does 224 divide 43680?
True
Is 174090 a multiple of 28?
False
Does 11 divide 126060?
True
Is 9079969 a multiple of 479?
False
Is 24515 a multiple of 50?
False
Does 12 divide 6413124?
True
Is 85 a factor of 1827330?
True
Does 92 divide 5112256?
True
Is 115500 a multiple of 33?
True
Is 1504629 a multiple of 57?
True
Is 94896 a multiple of 16?
True
Is 30 a factor of 30000?
True
Does 338 divide 1735630?
True
Is 21 a factor of 21309?
False
Does 2 divide 51918?
True
Does 20 divide 13189480?
True
Is 600431 a multiple of 47?
False
Is 6 a factor of 82158?
True
Is 2846398 a multiple of 178?
True
Is 73 a factor of 564488?
False
Does 122 divide 2583838?
True
Is 125 a factor of 1831750?
True
Does 49 divide 19208?
True
Is 46812 a multiple of 188?
True
Does 66 divide 85866?
True
Is 36 a factor of 46800?
True
Is 646745 a multiple of 121?
True
Is 89 a factor of 62122?
True
Is 20 a factor of 57540?
True
Is 3250895 a multiple of 7?
False
Does 53 divide 12469675?
False
Is 8 a factor of 712257?
False
Does 8 divide 2866152?
True
Does 28 divide 16592?
False
Is 46 a factor of 408342?
True
Does 101 divide 3910662?
False
Is 157080 a multiple of 462?
True
Is 851472 a multiple of 48?
True
Does 3 divide 33357?
True
Is 921384 a multiple of 191?
True
Does 626 divide 630382?
True
Is 107 a factor of 551934?
False
Is 138947 a multiple of 130?
False
Is 2267930 a multiple of 28?
False
Does 4 divide 2509592?
True
Does 16 divide 136121?
False
Is 9 a factor of 137131?
False
Does 235 divide 2333080?
True
Is 1932468 a multiple of 129?
False
Is 10 a factor of 208936?
False
Is 444924 a multiple of 15?
False
Does 2 divide 45638?
True
Is 79880 a multiple of 20?
True
Is 12774318 a multiple of 410?
False
Does 6 divide 486228?
True
Is 543004 a multiple of 14?
True
Is 52 a factor of 96564?
True
Is 54 a factor of 18670418?
False
Is 135 a factor of 200709?
False
Does 18 divide 176315?
False
Is 5 a factor of 2788955?
True
Is 14 a factor of 1003128?
True
Does 7 divide 2083871?
False
Is 4 a factor of 4023932?
True
Is 4974332 a multiple of 22?
True
Is 1469103 a multiple of 251?
True
Is 5961935 a multiple of 61?
False
Is 7733445 a multiple of 48?
False
Is 235455 a multiple of 33?
True
Is 568250 a multiple of 33?
False
Do